{"id":21797,"date":"2024-11-09T01:10:52","date_gmt":"2024-11-09T01:10:52","guid":{"rendered":"https:\/\/theblackout.mx\/site\/?post_type=product&#038;p=21797"},"modified":"2024-11-09T01:10:52","modified_gmt":"2024-11-09T01:10:52","slug":"barista-pro-avanzado","status":"publish","type":"product","link":"https:\/\/theblackout.mx\/site\/product\/barista-pro-avanzado\/","title":{"rendered":"Barista Pro &#8211; Avanzado"},"content":{"rendered":"<div class=\"jet-listing-grid__item jet-listing-dynamic-post-2784\" data-post-id=\"2784\">\n<div class=\"elementor elementor-2489\" data-elementor-type=\"jet-listing-items\" data-elementor-id=\"2489\" data-elementor-post-type=\"jet-engine\">\n<section class=\"elementor-section elementor-top-section elementor-element elementor-element-ff7e8db elementor-section-boxed elementor-section-height-default elementor-section-height-default\" data-id=\"ff7e8db\" data-element_type=\"section\">\n<div class=\"elementor-container elementor-column-gap-default\">\n<div class=\"elementor-column elementor-col-100 elementor-top-column elementor-element elementor-element-f8b9a68\" data-id=\"f8b9a68\" data-element_type=\"column\">\n<div class=\"elementor-widget-wrap elementor-element-populated\">\n<div class=\"elementor-element elementor-element-eb10182 elementor-widget elementor-widget-jet-listing-dynamic-field\" data-id=\"eb10182\" data-element_type=\"widget\" data-widget_type=\"jet-listing-dynamic-field.default\">\n<div class=\"elementor-widget-container\">\n<div class=\"jet-listing-dynamic-field__content\">\u00bfQuieres aprender las t\u00e9cnicas avanzadas para crear dise\u00f1os m\u00e1s elaborados y complejos en la superficie de las bebidas?<\/div>\n<\/div>\n<\/div>\n<\/div>\n<\/div>\n<\/div>\n<\/section>\n<\/div>\n<\/div>\n<div class=\"jet-listing-grid__item jet-listing-dynamic-post-2784\" data-post-id=\"2784\">\n<div class=\"elementor elementor-2489\" data-elementor-type=\"jet-listing-items\" data-elementor-id=\"2489\" data-elementor-post-type=\"jet-engine\">\n<section class=\"elementor-section elementor-top-section elementor-element elementor-element-ff7e8db elementor-section-boxed elementor-section-height-default elementor-section-height-default\" data-id=\"ff7e8db\" data-element_type=\"section\">\n<div class=\"elementor-container elementor-column-gap-default\">\n<div class=\"elementor-column elementor-col-100 elementor-top-column elementor-element elementor-element-f8b9a68\" data-id=\"f8b9a68\" data-element_type=\"column\">\n<div class=\"elementor-widget-wrap elementor-element-populated\">\n<div class=\"elementor-element elementor-element-eb10182 elementor-widget elementor-widget-jet-listing-dynamic-field\" data-id=\"eb10182\" data-element_type=\"widget\" data-widget_type=\"jet-listing-dynamic-field.default\">\n<div class=\"elementor-widget-container\"><i class=\"jet-listing-dynamic-field__icon fas fa-check\" aria-hidden=\"true\"><\/i><\/p>\n<div class=\"jet-listing-dynamic-field__content\">\u00bfDeseas conocer las t\u00e9cnicas de cata y maridaje para combinar sabores y realzar la experiencia sensorial?<\/div>\n<\/div>\n<\/div>\n<\/div>\n<\/div>\n<\/div>\n<\/section>\n<\/div>\n<\/div>\n<div class=\"jet-listing-grid__item jet-listing-dynamic-post-2784\" data-post-id=\"2784\">\n<div class=\"elementor elementor-2489\" data-elementor-type=\"jet-listing-items\" data-elementor-id=\"2489\" data-elementor-post-type=\"jet-engine\">\n<section class=\"elementor-section elementor-top-section elementor-element elementor-element-ff7e8db elementor-section-boxed elementor-section-height-default elementor-section-height-default\" data-id=\"ff7e8db\" data-element_type=\"section\">\n<div class=\"elementor-container elementor-column-gap-default\">\n<div class=\"elementor-column elementor-col-100 elementor-top-column elementor-element elementor-element-f8b9a68\" data-id=\"f8b9a68\" data-element_type=\"column\">\n<div class=\"elementor-widget-wrap elementor-element-populated\">\n<div class=\"elementor-element elementor-element-eb10182 elementor-widget elementor-widget-jet-listing-dynamic-field\" data-id=\"eb10182\" data-element_type=\"widget\" data-widget_type=\"jet-listing-dynamic-field.default\">\n<div class=\"elementor-widget-container\"><i class=\"jet-listing-dynamic-field__icon fas fa-check\" aria-hidden=\"true\"><\/i><\/p>\n<div class=\"jet-listing-dynamic-field__content\">\u00bfQuieres fortalecer tus conocimientos en el mundo del barismo y saber si esta profesi\u00f3n es para ti?<\/div>\n<\/div>\n<\/div>\n<\/div>\n<\/div>\n<\/div>\n<\/section>\n<\/div>\n<\/div>\n<div class=\"jet-listing-grid__item jet-listing-dynamic-post-2784\" data-post-id=\"2784\">\n<div class=\"elementor elementor-2489\" data-elementor-type=\"jet-listing-items\" data-elementor-id=\"2489\" data-elementor-post-type=\"jet-engine\">\n<section class=\"elementor-section elementor-top-section elementor-element elementor-element-ff7e8db elementor-section-boxed elementor-section-height-default elementor-section-height-default\" data-id=\"ff7e8db\" data-element_type=\"section\">\n<div class=\"elementor-container elementor-column-gap-default\">\n<div class=\"elementor-column elementor-col-100 elementor-top-column elementor-element elementor-element-f8b9a68\" data-id=\"f8b9a68\" data-element_type=\"column\">\n<div class=\"elementor-widget-wrap elementor-element-populated\">\n<div class=\"elementor-element elementor-element-eb10182 elementor-widget elementor-widget-jet-listing-dynamic-field\" data-id=\"eb10182\" data-element_type=\"widget\" data-widget_type=\"jet-listing-dynamic-field.default\">\n<div class=\"elementor-widget-container\"><i class=\"jet-listing-dynamic-field__icon fas fa-check\" aria-hidden=\"true\"><\/i><\/p>\n<div class=\"jet-listing-dynamic-field__content\">\u00bfDeseas aprender una nueva habilidad para entretener y deleitar a tus amigos y familiares?<\/div>\n<\/div>\n<\/div>\n<\/div>\n<\/div>\n<\/div>\n<\/section>\n<\/div>\n<\/div>\n<div class=\"jet-listing-grid__item jet-listing-dynamic-post-2784\" data-post-id=\"2784\">\n<div class=\"elementor elementor-2489\" data-elementor-type=\"jet-listing-items\" data-elementor-id=\"2489\" data-elementor-post-type=\"jet-engine\">\n<section class=\"elementor-section elementor-top-section elementor-element elementor-element-ff7e8db elementor-section-boxed elementor-section-height-default elementor-section-height-default\" data-id=\"ff7e8db\" data-element_type=\"section\">\n<div class=\"elementor-container elementor-column-gap-default\">\n<div class=\"elementor-column elementor-col-100 elementor-top-column elementor-element elementor-element-f8b9a68\" data-id=\"f8b9a68\" data-element_type=\"column\">\n<div class=\"elementor-widget-wrap elementor-element-populated\">\n<div class=\"elementor-element elementor-element-eb10182 elementor-widget elementor-widget-jet-listing-dynamic-field\" data-id=\"eb10182\" data-element_type=\"widget\" data-widget_type=\"jet-listing-dynamic-field.default\">\n<div class=\"elementor-widget-container\"><i class=\"jet-listing-dynamic-field__icon fas fa-check\" aria-hidden=\"true\"><\/i><\/p>\n<div class=\"jet-listing-dynamic-field__content\">\u00bfTe encanta el proceso del caf\u00e9 y quieres aprender las mejores t\u00e9cnicas para prepararlo?<\/div>\n<\/div>\n<\/div>\n<\/div>\n<\/div>\n<\/div>\n<\/section>\n<\/div>\n<\/div>\n<div class=\"jet-listing-grid__item jet-listing-dynamic-post-2784\" data-post-id=\"2784\">\n<div class=\"elementor elementor-2489\" data-elementor-type=\"jet-listing-items\" data-elementor-id=\"2489\" data-elementor-post-type=\"jet-engine\">\n<section class=\"elementor-section elementor-top-section elementor-element elementor-element-ff7e8db elementor-section-boxed elementor-section-height-default elementor-section-height-default\" data-id=\"ff7e8db\" data-element_type=\"section\">\n<div class=\"elementor-container elementor-column-gap-default\">\n<div class=\"elementor-column elementor-col-100 elementor-top-column elementor-element elementor-element-f8b9a68\" data-id=\"f8b9a68\" data-element_type=\"column\">\n<div class=\"elementor-widget-wrap elementor-element-populated\">\n<div class=\"elementor-element elementor-element-eb10182 elementor-widget elementor-widget-jet-listing-dynamic-field\" data-id=\"eb10182\" data-element_type=\"widget\" data-widget_type=\"jet-listing-dynamic-field.default\">\n<div class=\"elementor-widget-container\"><i class=\"jet-listing-dynamic-field__icon fas fa-check\" aria-hidden=\"true\"><\/i><\/p>\n<div class=\"jet-listing-dynamic-field__content\">\u00bfDeseas empezar una trayectoria nueva, una oportunidad para transformar tu vida?<\/div>\n<\/div>\n<\/div>\n<\/div>\n<\/div>\n<\/div>\n<\/section>\n<\/div>\n<\/div>\n<div class=\"jet-listing-grid__item jet-listing-dynamic-post-2784\" data-post-id=\"2784\">\n<div class=\"elementor elementor-2489\" data-elementor-type=\"jet-listing-items\" data-elementor-id=\"2489\" data-elementor-post-type=\"jet-engine\">\n<section class=\"elementor-section elementor-top-section elementor-element elementor-element-ff7e8db elementor-section-boxed elementor-section-height-default elementor-section-height-default\" data-id=\"ff7e8db\" data-element_type=\"section\">\n<div class=\"elementor-container elementor-column-gap-default\">\n<div class=\"elementor-column elementor-col-100 elementor-top-column elementor-element elementor-element-f8b9a68\" data-id=\"f8b9a68\" data-element_type=\"column\">\n<div class=\"elementor-widget-wrap elementor-element-populated\">\n<div class=\"elementor-element elementor-element-eb10182 elementor-widget elementor-widget-jet-listing-dynamic-field\" data-id=\"eb10182\" data-element_type=\"widget\" data-widget_type=\"jet-listing-dynamic-field.default\">\n<div class=\"elementor-widget-container\"><i class=\"jet-listing-dynamic-field__icon fas fa-check\" aria-hidden=\"true\"><\/i><\/p>\n<div class=\"jet-listing-dynamic-field__content\">\u00bfQuieres aprender sobre el mundo tridimensional del latte art?<\/div>\n<\/div>\n<\/div>\n<\/div>\n<\/div>\n<\/div>\n<\/section>\n<\/div>\n<\/div>\n","protected":false},"excerpt":{"rendered":"<p>\u00bfQuieres aprender las t\u00e9cnicas avanzadas para crear dise\u00f1os m\u00e1s elaborados y complejos en la superficie de las bebidas? \u00bfDeseas conocer las t\u00e9cnicas de cata y maridaje para combinar sabores y&hellip;<\/p>\n","protected":false},"featured_media":21798,"comment_status":"open","ping_status":"closed","template":"","meta":{"rank_math_lock_modified_date":false},"product_cat":[240],"product_tag":[241,242],"class_list":{"0":"post-21797","1":"product","2":"type-product","3":"status-publish","4":"has-post-thumbnail","6":"product_cat-cursos","7":"product_tag-barista","8":"product_tag-curso","10":"first","11":"instock","12":"shipping-taxable","13":"purchasable","14":"product-type-simple"},"_links":{"self":[{"href":"https:\/\/theblackout.mx\/site\/wp-json\/wp\/v2\/product\/21797","targetHints":{"allow":["GET"]}}],"collection":[{"href":"https:\/\/theblackout.mx\/site\/wp-json\/wp\/v2\/product"}],"about":[{"href":"https:\/\/theblackout.mx\/site\/wp-json\/wp\/v2\/types\/product"}],"replies":[{"embeddable":true,"href":"https:\/\/theblackout.mx\/site\/wp-json\/wp\/v2\/comments?post=21797"}],"wp:featuredmedia":[{"embeddable":true,"href":"https:\/\/theblackout.mx\/site\/wp-json\/wp\/v2\/media\/21798"}],"wp:attachment":[{"href":"https:\/\/theblackout.mx\/site\/wp-json\/wp\/v2\/media?parent=21797"}],"wp:term":[{"taxonomy":"product_cat","embeddable":true,"href":"https:\/\/theblackout.mx\/site\/wp-json\/wp\/v2\/product_cat?post=21797"},{"taxonomy":"product_tag","embeddable":true,"href":"https:\/\/theblackout.mx\/site\/wp-json\/wp\/v2\/product_tag?post=21797"}],"curies":[{"name":"wp","href":"https:\/\/api.w.org\/{rel}","templated":true}]}}